7.
-10
Convert -27 (base 10) to base 8.
-33
Convert -10012 (base 3) to base 4.
-1112
Convert -3 (base 16) to base 7.
-3
128 (base 16) to base 14
172
What is -1 (base 11) in base 7?
-1
Convert 1 (base 5) to base 7.
1
Convert -3331 (base 4) to base 13.
-166
What is 23 (base 8) in base 10?
19
Convert -110 (base 3) to base 4.
-30
What is -1 (base 2) in base 8?
-1
What is -5 (base 6) in base 16?
-5
What is -12 (base 4) in base 3?
-20
Convert 3 (base 15) to base 7.
3
What is 122 (base 3) in base 9?
18
Convert 91 (base 14) to base 15.
87
What is 2 (base 16) in base 15?
2
10 (base 3) to base 9
3
1 (base 14) to base 16
1
-156 (base 11) to base 14
-d0
What is 12 (base 7) in base 13?
9
-44 (base 16) to base 11
-62
What is 24 (base 8) in base 10?
20
Convert -d (base 15) to base 9.
-14
Convert -152 (base 7) to base 5.
-321
Convert -41 (base 10) to base 9.
-45
What is -12 (base 10) in base 3?
-110
-17 (base 8) to base 9
-16
What is -1011010 (base 2) in base 12?
-76
Convert -1 (base 12) to base 5.
-1
What is 1011 (base 3) in base 9?
34
29 (base 14) to base 8
45
11 (base 16) to base 8
21
-27 (base 9) to base 16
-19
3 (base 6) to base 16
3
What is -1220 (base 5) in base 16?
-b9
Convert -b (base 14) to base 16.
-b
133 (base 5) to base 13
34
2100 (base 3) to base 16
3f
Convert 301 (base 9) to base 6.
1044
What is 11112 (base 3) in base 13?
95
Convert -6 (base 7) to base 13.
-6
Convert 7 (base 11) to base 12.
7
What is 6 (base 14) in base 11?
6
5a (base 12) to base 9
77
2 (base 4) to base 9
2
-11 (base 16) to base 10
-17
Convert 2 (base 11) to base 2.
10
What is 0 (base 15) in base 13?
0
Convert -1133 (base 6) to base 10.
-273
Convert 3 (base 8) to base 3.
10
What is -100110 (base 2) in base 4?
-212
Convert -52 (base 9) to base 14.
-35
Convert 3 (base 14) to base 15.
3
What is 10 (base 14) in base 11?
13
What is -1 (base 2) in base 5?
-1
Convert 4 (base 6) to base 9.
4
3 (base 12) to base 15
3
Convert 14 (base 14) to base 15.
13
Convert 31 (base 14) to base 11.
3a
1143 (base 5) to base 7
335
What is -8 (base 9) in base 5?
-13
Convert 110 (base 2) to base 11.
6
5 (base 15) to base 4
11
2 (base 10) to base 9
2
Convert 1320 (base 5) to base 10.
210
Convert 1 (base 14) to base 13.
1
Convert -110 (base 2) to base 16.
-6
0 (base 16) to base 5
0
Convert 4b (base 15) to base 7.
131
-40 (base 6) to base 15
-19
20 (base 3) to base 13
6
-6 (base 16) to base 15
-6
What is -10 (base 3) in base 2?
-11
What is -140 (base 6) in base 15?
-40
92 (base 11) to base 4
1211
-c (base 13) to base 3
-110
What is -5 (base 16) in base 6?
-5
What is a5 (base 12) in base 9?
148
What is 2 (base 8) in base 7?
2
1a4 (base 15) to base 11
315
3 (base 14) to base 10
3
Convert -5 (base 15) to base 6.
-5
What is -255 (base 8) in base 11?
-148
What is 30 (base 8) in base 16?
18
-200 (base 3) to base 14
-14
-42 (base 5) to base 15
-17
What is 41 (base 5) in base 14?
17
What is -41 (base 16) in base 12?
-55
What is 2 (base 15) in base 9?
2
What is 1 (base 14) in base 12?
1
23 (base 11) to base 4
121
What is -51 (base 10) in base 6?
-123
-2 (base 16) to base 3
-2
Convert 1210 (base 6) to base 10.
294
What is -1002 (base 4) in base 5?
-231
What is 3 (base 15) in base 4?
3
What is -1 (base 8) in base 6?
-1
Convert -e0 (base 15) to base 12.
-156
1 (base 7) to base 5
1
What is -1 (base 8) in base 14?
-1
104 (base 6) to base 3
1111
3043 (base 5) to base 12
292
Convert 2 (base 12) to base 11.
2
What is -2 (base 16) in base 15?
-2
Convert 137 (base 12) to base 5.
1222
-18 (base 16) to base 3
-220
What is -2 (base 12) in base 3?
-2
11f (base 16) to base 9
348
What is -5 (base 6) in base 14?
-5
What is -2 (base 13) in base 3?
-2
19c (base 14) to base 3
110101
Convert 11000 (base 2) to base 11.
22
Convert -34 (base 15) to base 12.
-41
What is -14 (base 6) in base 16?
-a
-162 (base 9) to base 11
-115
What is 12 (base 13) in base 5?
30
-2 (base 10) to base 6
-2
What is 1 (base 10) in base 8?
1
12 (base 5) to base 11
7
-1 (base 6) to base 5
-1
What is -11 (base 9) in base 12?
-a
-11 (base 8) to base 15
-9
Convert 134 (base 10) to base 8.
206
-224 (base 5) to base 6
-144
What is 1101101 (base 2) in base 13?
85
15 (base 11) to base 16
10
Convert 9 (base 14) to base 4.
21
What is 1 (base 6) in base 15?
1
3 (base 12) to base 4
3
131 (base 5) to base 6
105
What is -414 (base 10) in base 4?
-12132
Convert -4 (base 11) to base 8.
-4
-6 (base 7) to base 10
-6
What is -3 (base 10) in base 6?
-3
-d (base 16) to base 13
-10
Convert 1004 (base 6) to base 13.
13c
Convert 3 (base 10) to base 13.
3
2 (base 6) to base 2
10
Convert -466 (base 8) to base 5.
-2220
What is 9 (base 14) in base 6?
13
What is -22 (base 10) in base 8?
-26
110 (base 7) to base 10
56
What is 13 (base 5) in base 11?
8
What is 30 (base 9) in base 2?
11011
Convert c (base 13) to base 7.
15
-13 (base 16) to base 13
-16
What is 5 (base 15) in base 3?
12
3d (base 15) to base 14
42
-10 (base 16) to base 13
-13
9 (base 11) to base 9
10
What is 21 (base 4) in base 13?
9
What is -7 (base 10) in base 13?
-7
-19 (base 10) to base 14
-15
Convert -d (base 16) to base 11.
-12
Convert 271 (base 8) to base 6.
505
-7 (base 10) to base 4
-13
Convert 3 (base 6) to base 14.
3
What is 30 (base 4) in base 3?
110
Convert -11010000 (base 2) to base 5.
-1313
What is -100 (base 2) in base 6?
-4
-2 (base 11) to base 6
-2
6e (base 15) to base 10
104
-1 (base 7) to base 14
-1
Convert -42 (base 12) to base 5.
-200
What is -11 (base 11) in base 12?
-10
Convert -325 (base 6) to base 15.
-85
Convert -a (base 16) to base 6.
-14
What is 7 (base 10) in base 8?
7
-4 (base 9) to base 11
-4
What is 307 (base 8) in base 2?
11000111
What is -11220 (base 3) in base 4?
-2010
What is 15 (base 14) in base 4?
103
Convert -140 (base 5) to base 11.
-41
Convert 2 (base 14) to base 13.
2
Convert 430 (base 7) to base 4.
3121
Convert -7 (base 14) to base 2.
-111
Convert -1 (base 9) to base 14.
-1
Convert e (base 15) to base 12.
12
Convert -16 (base 8) to base 3.
-112
Convert -10 (base 4) to base 6.
-4
What is -4 (base 14) in base 2?
-100
What is 12 (base 5) in base 16?
7
What is -10 (base 5) in base 10?
-5
Convert 2 (base 4) to base 10.
2
What is -df (base 16) in base 10?
-223
What is -65 (base 14) in base 5?
-324
Convert -4 (base 6) to base 8.
-4
Convert 6 (base 14) to base 15.
6
-1 (base 13) to base 11
-1
-1 (base 10) to base 5
-1
Convert -1 (base 9) to base 13.
-1
What is -3110 (base 4) in base 6?
-552
Convert 10 (base 4) to base 8.
4
Convert -223 (base 10) to base 16.
-df
What is 1 (base 9) in base 16?
1
Convert -10101 (base 2) to base 12.
-19
What is -103 (base 5) in base 13?
-22
Convert 2 (base 12) to base 11.
2
-21011 (base 3) to base 16
-c1
-27 (base 9) to base 16
-19
-65 (base 7) to base 14
-35
What is c4 (base 13) in base 2?
10100000
What is b7 (base 14) in base 15?
ab
-4 (base 14) to base 10
-4
Convert 111000 (base 2) to base 7.
110
Convert -1111010 (base 2) to base 11.
-101
Convert 18 (base 12) to base 2.
10100
What is -1 (base 16) in base 4?
-1
What is -7 (base 12) in base 14?
-7
Convert -21 (base 6) to base 15.
-d
-4b (base 16) to base 15
-50
Convert 122 (base 3) to base 8.
21
Convert 9 (base 12) to base 14.
9
What is -120 (base 3) in base 2?
-1111
What is 11100 (base 3) in base 10?
117
Convert 41 (base 12) to base 4.
301
10121 (base 3) to base 14
6d
-4 (base 6) to base 2
-100
What is 2 (base 13) in base 14?
2
Convert 25 (base 6) to base 5.
32
Convert -36 (base 13) to base 3.
-1200
What is -3 (base 13) in base 3?
-10
What is 8 (base 11) in base 4?
20
Convert 41 (base 15) to base 13.
49
What is 1c (base 14) in base 11?
24
What is 7b (base 13) in base 8?
146
What is 10 (base 3) in base 16?
3
What is 135 (base 10) in base 6?
343
Convert -11 (base 14) to base 5.
-30
7 (base 16) to base 9
7
Convert -5 (base 16) to base 11.
-5
What is -1000 (base 2) in base 10?
-8
Convert 10 (base 2) to base 15.
2
-17 (base 12) to base 11
-18
Convert -2 (base 11) to base 4.
-2
-60 (base 10) to base 15
-40
110001 (base 2) to base 8
61
Convert 38 (base 10) to base 8.
46
What is 21 (base 14) in base 8?
35
Convert 54 (base 7) to base 14.
2b
-33 (base 8) to base 16
-1b
Convert 3 (base 4) to base 16.
3
Convert -64 (base 14) to base 12.
-74
Convert 23 (base 15) to base 13.
27
What is -40 (base 10) in base 3?
-1111
Conver